= 92*f**2 - 460*f + 26. Determine i(5).
26
Let p(h) = 101*h**2 + 113*h - 114. What is p(1)?
100
Let s(a) = -a**2 - 6*a + 31. Determine s(-9).
4
Let d(v) = 91*v + 7. What is d(2)?
189
Let h(t) = -667*t + 19335. What is h(29)?
-8
Let n(o) = 6*o**2 - 38*o + 14. Calculate n(6).
2
Let c(d) = -d**3 - 18*d**2 - 29*d + 18. Determine c(-16).
-30
Let k(p) = -372*p - 10041. Determine k(-27).
3
Let c(x) = -x**2 + 220*x + 443. Give c(-2).
-1
Let u(v) = 1580*v + 26852. Calculate u(-17).
-8
Let z(h) = 7*h + 438. What is z(-22)?
284
Let p(w) = 5*w**3 + 72*w**2 + 49*w + 47. Determine p(-14).
-247
Let t(y) = 17*y**2 + 8*y + 46. Determine t(-4).
286
Let q(v) = -2*v**2 + 55*v - 309. Calculate q(5).
-84
Let x(v) = -v**3 + 9*v**2 - 3*v - 4. Calculate x(3).
41
Let f(b) = 20*b**2 - 455*b - 89. Give f(23).
26
Let y(v) = 2*v**3 + 14*v**2 - 30*v - 205. Calculate y(-7).
5
Let g(j) = j**3 - 4*j**2 - 4*j + 6. What is g(4)?
-10
Let i(d) = 6*d**2 - 73*d + 229. Determine i(7).
12
Let b(x) = -x**2 - 14*x + 306. Calculate b(-26).
-6
Let n(p) = 298*p - 1767. Give n(6).
21
Let f(l) = 5*l**2 + 22*l + 86. Calculate f(-6).
134
Let l(h) = -h**2 + 9*h - 9. Determine l(6).
9
Let i(z) = -3*z**2 + 55*z + 312. Calculate i(23).
-10
Let w(o) = 80*o**3 + 5*o**2 + 8*o + 2. What is w(-1)?
-81
Let q(k) = k**2 - 14*k + 5. Determine q(4).
-35
Let n(g) = -g**3 - 8*g**2 + 22*g + 128. Determine n(-9).
11
Let d(t) = t**2 - 43*t + 346. Determine d(33).
16
Let w(b) = -441*b - 3091. Determine w(-7).
-4
Let z(b) = b**2 - 63*b - 322. Determine z(-5).
18
Let s(f) = -19*f**2 - 31*f - 168. Determine s(-5).
-488
Let u(w) = w**2 + 78*w - 447. Determine u(5).
-32
Let i(v) = -v**3 - 7*v**2 + 101*v + 542. What is i(-5)?
-13
Let z(g) = -45*g - 343. What is z(9)?
-748
Let l(c) = 11*c + 13. Determine l(-1).
2
Let l(d) = -26*d**2 + 130*d - 2. Determine l(5).
-2
Let d(h) = -91*h + 252. Determine d(3).
-21
Let m(o) = 21*o**2 + 376*o + 17. Give m(-18).
53
Let f(o) = -o**3 + 10*o**2 - 10*o - 22. Determine f(5).
53
Let z(r) = 53*r**2 + 48*r + 1. What is z(-1)?
6
Let f(m) = -m**2 - 82*m - 714. What is f(-72)?
6
Let x(o) = -4*o + 553. Determine x(49).
357
Let q(i) = 1390*i + 12505. Determine q(-9).
-5
Let z(c) = -2*c**2 - 212*c + 1107. What is z(5)?
-3
Let s(h) = -46*h + 2346. Give s(51).
0
Let w(b) = -b**2 - 30*b - 230. What is w(-20)?
-30
Let n(t) = 97*t + 289. Calculate n(-9).
-584
Let z(h) = 2*h**2 - 90*h + 297. Give z(40).
-103
Let w(g) = -g**3 + 152*g**2 - 153*g + 230. What is w(151)?
-72
Let a(n) = -n**3 - 25*n**2 + 439*n - 202. Calculate a(-37).
-17
Let o(c) = -6*c**2 - 192*c + 7. Calculate o(0).
7
Let l(p) = -p**3 + 24*p**2 - 65*p + 874. Give l(23).
-92
Let p(u) = 5058*u - 20225. Give p(4).
7
Let q(o) = -106*o + 317. Calculate q(3).
-1
Let a(p) = 151*p - 166. Determine a(1).
-15
Let d(p) = 42*p**3 - 5*p - 4. Calculate d(-1).
-41
Let k(g) = 20*g - 2334. Give k(79).
-754
Let u(m) = -12*m + 766. Give u(65).
-14
Let h(n) = 5*n**3 - n**2 + 348*n. What is h(0)?
0
Let y(m) = 1425*m + 9968. Give y(-7).
-7
Let u(m) = -5*m**2 - 57*m + 1345. Calculate u(-23).
11
Let h(u) = -61*u - 873. Calculate h(-14).
-19
Let n(f) = 192*f - 1615. Calculate n(7).
-271
Let o(c) = -89*c + 2992. Give o(30).
322
Let s(l) = -20*l**2 + 39*l - 72. What is s(3)?
-135
Let p(l) = -l**3 + 9*l**2 + 3*l - 95. What is p(6)?
31
Let q(z) = -6*z**3 - 175*z**2 - 29*z + 51. What is q(-29)?
51
Let k(w) = -w**2 + 624*w + 10899. Calculate k(-17).
2
Let c(a) = -26*a - 370. Give c(-14).
-6
Let s(u) = 68*u**3 - u**2. Calculate s(-1).
-69
Let j(q) = -4*q**3 + 536*q**2 + 4*q - 528. What is j(134)?
8
Let c(r) = -101*r + 2. What is c(0)?
2
Let a(u) = u**3 + 7*u**2 + 4*u + 30. Calculate a(-6).
42
Let n(t) = t**3 + 37*t**2 + 328*t - 274. Determine n(-19).
-8
Let c(t) = 69*t - 792. Give c(8).
-240
Let i(b) = 67*b - 5287. Give i(79).
6
Let l(m) = -m**2 - 142*m - 929. What is l(-7)?
16
Let w(c) = -17*c - 31. Give w(-3).
20
Let x(j) = j**3 - 139*j**2 - 199*j - 11699. Give x(141).
4
Let k(b) = -b**3 + 9*b**2 + 28*b - 62. Give k(10).
118
Let f(m) = -2*m**3 + 9*m**2 - 46*m + 180. Calculate f(4).
12
Let x(d) = -597*d - 14928. Calculate x(-25).
-3
Let d(l) = 5*l - 16. What is d(-2)?
-26
Let g(o) = 2*o**2 - 47*o + 21. What is g(19)?
-150
Let t(l) = 4*l**3 + 31*l**2 + 5*l + 12. Give t(-6).
234
Let i(r) = -24*r**3 - 549*r**2 + 71*r + 43. What is i(-23)?
-3
Let o(w) = 7*w**2 - 35*w - 11. Calculate o(8).
157
Let x(g) = -56*g + 506. Determine x(9).
2
Let s(p) = 6*p**2 + p - 3. Determine s(2).
23
Let b(i) = 337*i + 5. What is b(1)?
342
Let o(h) = h**3 - 43*h**2 - 48*h + 168. What is o(44)?
-8
Let t(l) = l**3 - 27*l**2 + 46*l + 101. Calculate t(25).
1
Let z(u) = -u**3 - 59*u**2 + 2*u - 127. Give z(-59).
-245
Let g(a) = -63*a + 646. Determine g(15).
-299
Let b(l) = -l**2 + 37*l - 38. Determine b(29).
194
Let n(v) = 2*v**3 - 133*v**2 + 453*v - 737. Give n(63).
19
Let t(k) = -k**2 + 48*k - 590. Determine t(23).
-15
Let v(s) = -s**2 + 14*s - 63. Determine v(9).
-18
Let j(h) = -h**2 - 37*h - 265. Calculate j(-8).
-33
Let d(s) = 106*s - 5340. Determine d(50).
-40
Let u(w) = -7*w + 201. Determine u(9).
138
Let m(f) = -39*f + 3432. Give m(88).
0
Let y(g) = 2*g**3 + 2*g**2 + 11*g + 35. Give y(-3).
-34
Let q(d) = -938*d + 1803. Determine q(2).
-73
Let s(l) = 4*l**2 - 10*l - 60. Determine s(10).
240
Let x(p) = -p**3 - 32*p**2 - 9*p - 296. Calculate x(-32).
-8
Let p(y) = 2*y**3 + 5*y**2 - 21*y - 15. Determine p(-5).
-35
Let k(f) = -f**3 + 4*f**2 + 11*f - 30. What is k(5)?
0
Let s(q) = -2*q**2 - 87*q + 218. Calculate s(-46).
-12
Let u(m) = -7*m**2 - 401*m + 5821. Determine u(12).
1
Let g(f) = 362*f - 28263. Give g(78).
-27
Let u(y) = -2*y**2 - 31*y - 107. Determine u(-6).
7
Let i(s) = s**3 - 147*s**2 - 947*s - 179. What is i(-6)?
-5
Let h(b) = 2*b**3 - 54*b**2 - 73*b + 316. Determine h(28).
-160
Let x(p) = -20*p - 350. What is x(-17)?
-10
Let x(o) = -43*o - 131. Give x(-1).
-88
Let a(v) = -92*v - 377. What is a(-5)?
83
Let w(n) = 2*n**3 + 6*n**2 + 268*n + 1341. Give w(-5).
-99
Let f(c) = 22*c - 142. Determine f(-10).
-362
Let u(v) = v**3 - 55*v**2 + 51*v + 121. Give u(54).
-41
Let g(s) = 409*s - 33950. Determine g(83).
-3
Let n(p) = 7*p - 960. What is n(138)?
6
Let l(y) = -y**3 - 65*y**2 + 921*y + 45. Determine l(12).
9
Let b(l) = 6*l**3 - 15*l**2 + 15*l - 6. What is b(3)?
66
Let c(w) = -3*w**2 + 36*w + 36. Give c(11).
69
Let h(v) = -7*v**2 - 59*v + 23. Calculate h(-9).
-13
Let q(c) = c**2 + 3*c - 21. Give q(9).
87
Let j(m) = m**3 + 14*m**2 + 44*m + 80. Determine j(-11).
-41
Let c(j) = 114*j - 836. What is c(8)?
76
Let o(v) = v**2 + 98*v - 2922. Give o(24).
6
Let d(k) = -15*k**2 - 513*k - 513. Calculate d(-1).
-15
Let n(o) = 1621*o - 12948. Calculate n(8).
20
Let s(w) = w**3 - 342*w**2 + 2954*w + 14318. Determine s(333).
-1
Let q(k) = 27*k**2 + 1858*k - 353. Calculate q(-69).
-8
Let q(s) = -8*s**2 + 21*s + 60. Calculate q(-3).
-75
Let i(g) = -644*g + 1289. Give i(2).
1
Let x(r) = r**3 + 5*r**2 - 54*r + 32. Give x(5).
12
Let j(c) = -169*c - 667. Give j(-4).
9
Let q(u) = -u**2 - 3. What is q(3)?
-12
Let n(r) = 2*r**3 - 71*r**2 - 22*r - 301. Give n(36).
203
Let n(p) = 741*p + 2198. Calculate n(-3).
-25
Let p(z) = -z**2 + 83*z + 984. Determine p(95).
-156
Let a(l) = 8*l + 268. What is a(-14)?
156
Let q(s) = -12*s**3 - 336*s**2 + 9*s + 3. Determine q(-28).
-249
Let h(g) = 10*g**2 - 79*g + 105. Give h(6).
-9
Let h(k) = -2*k**3 - 233*k**2 + 385*k + 3662. What is h(-118)?
4
Let q(u) = -u**2 - 25*u + 305. What is q(-33)?
41
Let a(m) = 179*m - 138. What is a(2)?
220
Let w(i) = -31*i + 251. Calculate w(5).
96
Let r(p) = 3*p**3 + 6*p**2 - 18*p + 3. Calculate r(2).
15
Let j(n) = 589*n + 2347. Give j(-4).
-9
Let d(y) = -y**3 - 21*y**2 + 309*y + 6. What is d(10)?
-4
Let t(j) = -5*j**2 + 23*j - 32. Determine t(9).
-230
Let w(q) = 6*q**2 - 471*q - 302. What is w(79)?
-65
Let f(n) = -n**3 + n**2 - 15*n - 30. Calculate f(0).
-30
Let t(k) = k**3 + 10*k**2 - 92*k - 873. Calculate t(-8).
-9
Let c(h) = 9*h**2 + 2*h - 29. What is c(4)?
123
Let q(p) = 4*p**3 - 328*p**2 + 7*p - 570. Determine q(82).
4
Let u(f) = f**2 + 910*f - 34059. What is u(36)?
-3
Let h(z) = -4*z**2 + 2*z + 107. What is h(0)?
107
Let d(x) = x**2 - 12*x - 9. What is d(11)?
-20
Let a(w) = 2*w**2 - 173*w + 682. Calculate a(4).
22
Let w(z) = -1556*z + 242